{"id":1441,"date":"2022-01-09T11:58:06","date_gmt":"2022-01-09T10:58:06","guid":{"rendered":"https:\/\/kommet.fr\/?page_id=1441"},"modified":"2024-08-18T18:29:51","modified_gmt":"2024-08-18T16:29:51","slug":"publics","status":"publish","type":"page","link":"https:\/\/kommet.fr\/index.php\/publics\/","title":{"rendered":"Publics"},"content":{"rendered":"\n<div class=\"wp-container-1 wp-block-buttons\">\n<div class=\"wp-block-button is-style-outline\"><a class=\"wp-block-button__link\" href=\"#visites\">Visites et ateliers<\/a><\/div>\n\n\n\n<div class=\"wp-block-button is-style-outline\"><a class=\"wp-block-button__link\" href=\"#projets-spe\">Projets sp\u00e9cifiques<\/a><\/div>\n\n\n<\/div>\n\n\n\n<div style=\"height:44px\" aria-hidden=\"true\" class=\"wp-block-spacer\"><\/div>\n\n\n\n<ul id=\"visites\"><li><strong><span style=\"text-decoration: underline;\">VISITES ET ATELIERS<\/span><\/strong><\/li><\/ul>\n\n\n\n<p>KOMMET d\u00e9veloppe des actions pour les enfants et les adultes afin de familiariser et sensibiliser tous les publics \u00e0 la cr\u00e9ation contemporaine. Nous proposons des <strong>visites comment\u00e9es <\/strong>et des <strong>ateliers de pratique artistique<\/strong> en lien avec la programmation du lieu. L&#8217;\u00e9quipe a \u00e9galement la possibilit\u00e9 de se d\u00e9placer dans votre \u00e9tablissement (\u00e9coles, structures sociales, associations, etc.). <\/p>\n\n\n\n<div style=\"height:44px\" aria-hidden=\"true\" class=\"wp-block-spacer\"><\/div>\n\n\n\n<ul id=\"projets-spe\"><li><strong><span style=\"text-decoration: underline;\">PROJETS SP\u00c9CIFIQUES ET INTERVENTIONS<\/span><\/strong><\/li><\/ul>\n\n\n\n<p>KOMMET invite des artistes \u00e0 concevoir et mener des <strong>projets artistiques en collaboration <\/strong>\u00e9troite avec les \u00e9tablissements scolaires, institutions culturelles, associations qui souhaitent s\u2019engager dans cette d\u00e9marche. <strong>L&#8217;\u00e9quipe est ouverte aux sollicitations<\/strong> des enseignants, professionnels de l\u2019\u00e9ducation, responsables d\u2019association pour la construction de ces projets.<\/p>\n\n\n\n<p><strong>L\u2019\u00e9quipe de KOMMET se d\u00e9place<\/strong> dans les \u00e9coles, les universit\u00e9s et les \u00e9coles d\u2019art afin de pr\u00e9senter les missions d\u2019un centre d\u2019art contemporain, de proposer des conf\u00e9rences ou des \u00e9changes autour de l&#8217;art contemporain. <\/p>\n\n\n\n<div style=\"height:0px\" aria-hidden=\"true\" class=\"wp-block-spacer\"><\/div>\n\n\n\n<ul><li><strong><span style=\"text-decoration: underline;\">PLUS D&#8217;INFORMATIONS ET R\u00c9SERVATIONS<\/span><\/strong><\/li><\/ul>\n\n\n\n<p><a href=\"mailto:contact@kommet.fr\" data-type=\"mailto\" data-id=\"mailto:contact@kommet.fr\" target=\"_blank\" rel=\"noreferrer noopener\">contact(at)kommet.fr<\/a> ou au +33 (0)6 32 46 58 63<\/p>\n\n\n\n<div style=\"height:0px\" aria-hidden=\"true\" class=\"wp-block-spacer\"><\/div>\n\n\n\n<ul><li><strong><span style=\"text-decoration: underline;\">\u00c0 VENIR..<\/span><\/strong><\/li><\/ul>\n\n\n\n<p><strong>Visite comment\u00e9e suivie d&#8217;un atelier de pratique artistique <\/strong><\/p>\n\n\n\n<div class=\"wp-block-media-text alignwide is-stacked-on-mobile\"><figure class=\"wp-block-media-text__media\"><img loading=\"lazy\" width=\"724\" height=\"1024\" src=\"https:\/\/kommet.fr\/wp-content\/uploads\/2022\/01\/Capture-de\u0301cran-2021-12-06-a\u0300-22.23.19-724x1024.png\" alt=\"\" class=\"wp-image-1447 size-full\" srcset=\"https:\/\/kommet.fr\/wp-content\/uploads\/2022\/01\/Capture-de\u0301cran-2021-12-06-a\u0300-22.23.19-724x1024.png 724w, https:\/\/kommet.fr\/wp-content\/uploads\/2022\/01\/Capture-de\u0301cran-2021-12-06-a\u0300-22.23.19-212x300.png 212w, https:\/\/kommet.fr\/wp-content\/uploads\/2022\/01\/Capture-de\u0301cran-2021-12-06-a\u0300-22.23.19-768x1087.png 768w, https:\/\/kommet.fr\/wp-content\/uploads\/2022\/01\/Capture-de\u0301cran-2021-12-06-a\u0300-22.23.19.png 1060w\" sizes=\"(max-width: 724px) 100vw, 724px\" \/><\/figure><div class=\"wp-block-media-text__content\">\n<p><\/p>\n\n\n\n<p><\/p>\n<\/div><\/div>\n\n\n\n<p><\/p>\n","protected":false},"excerpt":{"rendered":"<p>VISITES ET ATELIERS KOMMET d\u00e9veloppe des actions pour les enfants et les adultes afin de familiariser et sensibiliser tous les publics \u00e0 la cr\u00e9ation contemporaine. Nous proposons des visites comment\u00e9es et des ateliers de pratique artistique en lien avec la programmation du lieu. L&#8217;\u00e9quipe a \u00e9galement la possibilit\u00e9 de se d\u00e9placer dans votre \u00e9tablissement (\u00e9coles, &hellip; <\/p>\n<p class=\"link-more\"><a href=\"https:\/\/kommet.fr\/index.php\/publics\/\" class=\"more-link\">Continuer la lecture<span class=\"screen-reader-text\"> de &laquo;&nbsp;Publics&nbsp;&raquo;<\/span><\/a><\/p>\n","protected":false},"author":2,"featured_media":0,"parent":0,"menu_order":0,"comment_status":"closed","ping_status":"closed","template":"","meta":[],"_links":{"self":[{"href":"https:\/\/kommet.fr\/index.php\/wp-json\/wp\/v2\/pages\/1441"}],"collection":[{"href":"https:\/\/kommet.fr\/index.php\/wp-json\/wp\/v2\/pages"}],"about":[{"href":"https:\/\/kommet.fr\/index.php\/wp-json\/wp\/v2\/types\/page"}],"author":[{"embeddable":true,"href":"https:\/\/kommet.fr\/index.php\/wp-json\/wp\/v2\/users\/2"}],"replies":[{"embeddable":true,"href":"https:\/\/kommet.fr\/index.php\/wp-json\/wp\/v2\/comments?post=1441"}],"version-history":[{"count":28,"href":"https:\/\/kommet.fr\/index.php\/wp-json\/wp\/v2\/pages\/1441\/revisions"}],"predecessor-version":[{"id":2025,"href":"https:\/\/kommet.fr\/index.php\/wp-json\/wp\/v2\/pages\/1441\/revisions\/2025"}],"wp:attachment":[{"href":"https:\/\/kommet.fr\/index.php\/wp-json\/wp\/v2\/media?parent=1441"}],"curies":[{"name":"wp","href":"https:\/\/api.w.org\/{rel}","templated":true}]}}

<div class="wp-container-1 wp-block-buttons">
<div class="wp-block-button is-style-outline"><a class="wp-block-button__link" href="#visites">Visites et ateliers</a></div>



<div class="wp-block-button is-style-outline"><a class="wp-block-button__link" href="#projets-spe">Projets spécifiques</a></div>


</div>



<div style="height:44px" aria-hidden="true" class="wp-block-spacer"></div>



<ul id="visites"><li><strong><span style="text-decoration: underline;">VISITES ET ATELIERS</span></strong></li></ul>



<p>KOMMET développe des actions pour les enfants et les adultes afin de familiariser et sensibiliser tous les publics à la création contemporaine. Nous proposons des <strong>visites commentées </strong>et des <strong>ateliers de pratique artistique</strong> en lien avec la programmation du lieu. L&#8217;équipe a également la possibilité de se déplacer dans votre établissement (écoles, structures sociales, associations, etc.). </p>



<div style="height:44px" aria-hidden="true" class="wp-block-spacer"></div>



<ul id="projets-spe"><li><strong><span style="text-decoration: underline;">PROJETS SPÉCIFIQUES ET INTERVENTIONS</span></strong></li></ul>



<p>KOMMET invite des artistes à concevoir et mener des <strong>projets artistiques en collaboration </strong>étroite avec les établissements scolaires, institutions culturelles, associations qui souhaitent s’engager dans cette démarche. <strong>L&#8217;équipe est ouverte aux sollicitations</strong> des enseignants, professionnels de l’éducation, responsables d’association pour la construction de ces projets.</p>



<p><strong>L’équipe de KOMMET se déplace</strong> dans les écoles, les universités et les écoles d’art afin de présenter les missions d’un centre d’art contemporain, de proposer des conférences ou des échanges autour de l&#8217;art contemporain. </p>



<div style="height:0px" aria-hidden="true" class="wp-block-spacer"></div>



<ul><li><strong><span style="text-decoration: underline;">PLUS D&#8217;INFORMATIONS ET RÉSERVATIONS</span></strong></li></ul>



<p><a href="mailto:contact@kommet.fr" data-type="mailto" data-id="mailto:contact@kommet.fr" target="_blank" rel="noreferrer noopener">contact(at)kommet.fr</a> ou au +33 (0)6 32 46 58 63</p>



<div style="height:0px" aria-hidden="true" class="wp-block-spacer"></div>



<ul><li><strong><span style="text-decoration: underline;">À VENIR..</span></strong></li></ul>



<p><strong>Visite commentée suivie d&#8217;un atelier de pratique artistique </strong></p>



<div class="wp-block-media-text alignwide is-stacked-on-mobile"><figure class="wp-block-media-text__media"><img loading="lazy" width="724" height="1024" src="https://kommet.fr/wp-content/uploads/2022/01/Capture-décran-2021-12-06-à-22.23.19-724x1024.png" alt="" class="wp-image-1447 size-full" srcset="https://kommet.fr/wp-content/uploads/2022/01/Capture-décran-2021-12-06-à-22.23.19-724x1024.png 724w, https://kommet.fr/wp-content/uploads/2022/01/Capture-décran-2021-12-06-à-22.23.19-212x300.png 212w, https://kommet.fr/wp-content/uploads/2022/01/Capture-décran-2021-12-06-à-22.23.19-768x1087.png 768w, https://kommet.fr/wp-content/uploads/2022/01/Capture-décran-2021-12-06-à-22.23.19.png 1060w" sizes="(max-width: 724px) 100vw, 724px" /></figure><div class="wp-block-media-text__content">
<p></p>



<p></p>
</div></div>



<p></p>

<p>VISITES ET ATELIERS KOMMET développe des actions pour les enfants et les adultes afin de familiariser et sensibiliser tous les publics à la création contemporaine. Nous proposons des visites commentées et des ateliers de pratique artistique en lien avec la programmation du lieu. L&#8217;équipe a également la possibilité de se déplacer dans votre établissement (écoles, &hellip; </p>
<p class="link-more"><a href="https://kommet.fr/index.php/publics/" class="more-link">Continuer la lecture<span class="screen-reader-text"> de &laquo;&nbsp;Publics&nbsp;&raquo;</span></a></p>
